- 6*b. Calculate the greatest common divisor of p and b.
12
Let n be ((1 - -1) + 1)*-3. Let f = -1 - n. Let h be (-3 + 1)/((-1)/2). Calculate the highest common divisor of h and f.
4
Let f = 31 + -30. What is the highest common divisor of f and 2?
1
Suppose 247 = -4*k + 5*k. What is the highest common divisor of k and 19?
19
Let o be 4/(-18) + 4/18. Suppose o*u + 3*u = 48. Let f = -89 + 233. What is the greatest common divisor of u and f?
16
Let d = 5 - 6. Let o be 2/(-5)*(-84 + d). Let c be o - 2/2*-2. What is the greatest common factor of 9 and c?
9
Suppose 4*c - 210 - 30 = 0. What is the greatest common divisor of 12 and c?
12
Suppose 2*p - c - 32 = 0, 0 = -2*p + 2*c - 6 + 38. Let g = -6 + p. Calculate the highest common factor of 5 and g.
5
Let i be (-4)/(-14) + 38/14. Let x be 0*4*(-1)/(-8). Suppose x = -o + 3 - 0, -18 = -i*j + 4*o. Calculate the highest common factor of 5 and j.
5
Let k(z) = 29*z + 16. Let t be k(7). Suppose 4*x - 3*g = t - 72, -4*g - 112 = -3*x. What is the greatest common divisor of x and 90?
18
Let p(b) = -b**3 + 9*b**2 + 11*b - 2. Let f be p(10). Calculate the greatest common divisor of f and 72.
8
Let n be ((-6)/5)/(8/(-40)). Suppose 3*p - 2*l - 166 = 0, 4*l = -5*p - 9 + 271. Calculate the highest common factor of n and p.
6
Let s = -6 + 11. Suppose q + 4*x = 20, -q - 17 + 1 = -s*x. Suppose -5*y = -3*v - 65, 3*y + 4*v = 12 - 2. What is the highest common divisor of q and y?
2
Let p be -2 + (-7 + 2 - -133). Calculate the greatest common divisor of 18 and p.
18
Suppose 7*l - 249 = 346. Calculate the greatest common divisor of l and 17.
17
Let r(a) = 13*a. Let z be r(1). Calculate the greatest common divisor of z and 143.
13
Let v = -42 - -141. Suppose -3*r + 5*j = j - 41, 27 = 3*r + 3*j. Calculate the highest common divisor of r and v.
11
Let m = 4 + 3. Suppose 3*r + 252 = 7*r. Calculate the highest common factor of m and r.
7
Suppose -a + 79 = 2*w, -136 = -5*w - 5*a + 59. What is the greatest common factor of 16 and w?
8
Let f = 23 + -18. Suppose -f*t = j - 19, -5*t = -t - 4*j + 4. What is the highest common factor of 24 and t?
3
Suppose -297 = -3*g + 108. Suppose -2*r = 5*l - 45, 5*l - 19 = -4. Suppose 0 = -2*a + r + 15. Calculate the highest common divisor of g and a.
15
Let s be 5*(4 + 0/4). Let p be ((-1)/3)/((-7)/84). Calculate the highest common factor of s and p.
4
Let v(m) = -m**2 + 26. Let b be v(0). Let s = 16 + -15. Let d(x) = 40*x**2 - 1. Let y be d(s). Calculate the highest common divisor of y and b.
13
Suppose 2 = b + 5*n - 10, 0 = -4*b + 3*n - 21. Let m be (-15)/(-1)*b/(-9). Suppose m*i - 336 = -76. Calculate the highest common divisor of i and 13.
13
Let t = -38 - -80. What is the greatest common divisor of 70 and t?
14
Let i be ((-3)/(-1))/((12/9)/4). What is the highest common divisor of 99 and i?
9
Let f = -247 + 522. What is the highest common factor of 25 and f?
25
Suppose 0 = -v + 11 - 5. Suppose -14 = -3*u + 4*h, 2*u = -5*h - 0*h + 17. Calculate the greatest common divisor of v and u.
6
Suppose 0*r + 3*r = 120. Let i be (2*-9)/3 + -1. Let u(g) = g + 17. Let n be u(i). Calculate the highest common divisor of n and r.
10
Let f = -73 - -113. Let r be (-1)/1*(-7)/(-1). Let j be 2/r + 37/7. Calculate the highest common divisor of j and f.
5
Let q be 32/(-3)*54/(-4). Let t be (-6)/18 + 32/6. Suppose -3*o - 2 = 10, 4*o - 64 = -t*l. What is the greatest common divisor of l and q?
16
Let m(i) = i**3 + i**2 + i - 5. Let c be m(0). Let u be 2018/c - (-4)/(-10). Let f = -242 - u. What is the highest common factor of 18 and f?
18
Let k be 78/8 + (-3)/4. What is the highest common factor of k and 9?
9
Suppose 83*n - 89*n = -204. Calculate the highest common divisor of n and 153.
17
Let s be (-2)/(-8) - 4/16. Suppose s = 5*d - 290 - 10. What is the greatest common divisor of 10 and d?
10
Let y(j) = -j**2 + 8*j - 7. Let o be y(5). Let r = -20 + 20. Suppose r*l - 80 = -2*l. Calculate the highest common factor of l and o.
8
Suppose 3*u - 6*u + 6 = 0. Let l(x) = 2*x + 1. Let t be l(u). Suppose -50 = -t*b + 50. Calculate the greatest common divisor of 50 and b.
10
Suppose 153 = -g + 3*g + 3*v, -g - 3*v + 75 = 0. What is the highest common factor of g and 6?
6
Let p(n) = 10*n**2 + 3*n - 15. Let u be p(-5). What is the highest common factor of 20 and u?
20
Let h = -59 - -31. Let m = h + 63. Suppose 2*v - 3*q = 22, -2 + 70 = 5*v - q. What is the highest common factor of m and v?
7
Let n be (11/(-2))/(1/(-14)). Let u(w) = -1 - 3*w + 3*w**2 + 2*w - 2*w**2. Let j be u(-3). Calculate the greatest common factor of j and n.
11
Suppose 5*o = -m - 2*m + 385, 5*o + 5*m = 385. What is the greatest common factor of 7 and o?
7
Let t(l) = 2*l**2 + 8*l - 4. Let p be t(3). Calculate the highest common divisor of 57 and p.
19
Suppose -m = -3*m + 14. Let y(i) = -m*i**2 + 5*i**3 - 2*i**2 - 4*i**3 + 10 + 5*i. Let p be y(9). Calculate the highest common divisor of p and 11.
11
Let b be 0 + (-4)/(-1) + 16. Calculate the greatest common divisor of 30 and b.
10
Let x = -54 + 96. What is the greatest common divisor of 6 and x?
6
Let l(z) be the first derivative of -45*z**2/2 + z + 4. Let j be l(-1). What is the highest common factor of j and 23?
23
Suppose 71 = -5*f + 311. Suppose 2*k + f = 4*k + 3*i, -5*i - 16 = -2*k. Suppose -n = 2 - k. What is the greatest common factor of 40 and n?
8
Suppose 24 = a + 3*u - 24, 3*u - 6 = 0. Calculate the highest common factor of a and 63.
21
Let a be ((-1)/(-3))/(1/9). Suppose -6*w = -4*w - 66. Calculate the highest common factor of a and w.
3
Let l = 46 - 15. Calculate the highest common factor of 31 and l.
31
Let a = 69 - 20. Calculate the greatest common factor of a and 7.
7
Let m(d) = -d**2 + 20*d - 12. Let p be m(19). Calculate the greatest common divisor of p and 28.
7
Suppose 4*b = -7 + 39. Suppose -2 = -s - 4*m, -m = 4*s + 2*m - b. Let v(h) = 2*h**3 + h + 1. Let z be v(s). What is the highest common factor of z and 19?
19
Let i be 11/4*10 + 21/(-14). What is the greatest common divisor of 13 and i?
13
Let d = -42 - -60. Calculate the highest common divisor of d and 18.
18
Let g(k) = 2*k**2 - 23*k + 36. Let j be g(14). What is the greatest common factor of 159 and j?
53
Let q(n) be the first derivative of -13*n**2/2 - 4*n + 4. Let m be q(-2). What is the highest common divisor of m and 198?
22
Let z = 17 + 18. Calculate the highest common divisor of z and 14.
7
Let g = -27 - -51. What is the highest common divisor of 3 and g?
3
Let j(d) = -d**3 - 3*d**2 - 7*d + 8. Let c be j(-7). Calculate the highest common factor of 23 and c.
23
Suppose -22 = -3*x + 5. What is the highest common factor of 9 and x?
9
Let q(o) = -o**2 + 8*o + 2. Let r be q(6). Suppose 26 = l + 4*g, 0 = 6*l - l - g - 67. What is the highest common factor of l and r?
14
Let c = -122 - -123. Suppose -4*o = -2*k - 8, 0*k + 2*k = -2*o + 4. Calculate the greatest common divisor of c and o.
1
Suppose -8 = m - 32. Suppose 0*r - m = -3*r. Calculate the highest common divisor of r and 88.
8
Suppose -f + 3*f = 28. Let x = -2 - 15. Let t = -3 - x. What is the greatest common divisor of t and f?
14
Let i(u) = u**3 - 5*u**2 - 8*u - 2. Let b be i(6). Let v be b/(-3) + (-3)/(-9). Calculate the highest common factor of 2 and v.
1
Let l = 14 + 8. Calculate the greatest common divisor of l and 55.
11
Let a be 4*3 + 4/(-2). Let v = 13 - a. Calculate the highest common factor of v and 21.
3
Let q be 32/(-2)*1/(-2). Calculate the greatest common divisor of 24 and q.
8
Let w be (-7 + 47)*(1 - 0). What is the highest common divisor of 30 and w?
10
Let g(j) = -j**3 - j**2. Let p be g(-3). Let o be 2/(-9) + 22/p. Calculate the greatest common factor of o and 3.
1
Suppose 8*a = 11*a - 441. Suppose -5*h - 4*z + 3*z = -a, -2*h + 2*z = -66. What is the greatest common factor of 75 and h?
15
Let y = -22 - -56. What is the highest common factor of y and 34?
34
Let m = 25 - -17. Suppose -k = c - 15, -k + 3*k + 5*c = m. What is the greatest common divisor of 22 and k?
11
Let j(z) = z**3 - z**2 - 17*z + 1. Let x be j(5). Suppose -5*w + 392 = -78. Let k = 222 - w. Calculate the greatest common divisor of k and x.
16
Let p(c) = 4*c + 2. Let q be p(5). Let u(i) = -i + 20. Let g be u(9). What is the highest common factor of q and g?
11
Suppose -q + 3*q = -n - 76, 